{"id":58,"date":"2015-05-20T08:28:34","date_gmt":"2015-05-20T08:28:34","guid":{"rendered":"https:\/\/basilia-basel.ch\/?page_id=58"},"modified":"2023-01-22T15:41:57","modified_gmt":"2023-01-22T15:41:57","slug":"das-buch","status":"publish","type":"page","link":"https:\/\/basilia-basel.ch\/?page_id=58","title":{"rendered":"<span style=\"color: #a7c95a;\">Das Buch<\/span>"},"content":{"rendered":"<p><strong>Die Geschichte<\/strong> handelt von einer Basiliskin, die in der heutigen Zeit in Basel auftaucht. Ratten und M\u00e4use finden unter dem Gerberbrunnen ein blaues Ei und br\u00fcten es aus. Aus dem Ei schl\u00fcpft ein Basiliskin die schnell w\u00e4chst und darum an die Oberfl\u00e4che muss. Eine alte Ratte schickt die Basiliskin zu einer Kauzdame, die in einem Baum auf dem Petersplatz wohnt. Die Kauzdame nimmt sich der Basiliskin an, die ihre Verwandten in der Stadt Basel kennen lernen will. Zusammen machen sie einen <a href=\"https:\/\/basilia-basel.ch\/?page_id=10\">Plan<\/a>, wie die Basiliskin alle Basilisken-Bilder, Brunnen, Reliefs usw. in der Stadt besuchen kann. Beim ersten Besuch eines Basilisken findet Basilia heraus, dass der Basilisk zum Leben erweckt wird, wenn sie ihn mit der Zunge ber\u00fchrt. Als Gegenleistung, dass der jeweils erweckte Basilisk losfliegen und seine Freiheit f\u00fcr eine Nacht geniessen kann, muss er erz\u00e4hlen was an seinem Standort speziell ist wie z.B. Strassen- oder Quartiernamen, spezielle Geb\u00e4ude, Geschehnisse usw. So erf\u00e4hrt die Leserschaft spielerisch einiges \u00fcber Basel und seine Geschichte.<br \/>\nDas Buch kostet <strong>CHF 19.80<\/strong> <a href=\"https:\/\/basilia-basel.ch\/?page_id=313\" target=\"_blank\" rel=\"noopener\">und kann hier bestellt werden<\/a><\/p>\n<p><a><img loading=\"lazy\" decoding=\"async\" class=\"alignnone size-medium wp-image-125\" src=\"https:\/\/basilia-basel.ch\/wp-content\/uploads\/2015\/05\/Brueckenwaechter-258x300.jpg\" alt=\"Br\u00fcckenw\u00e4chter\" width=\"258\" height=\"300\" srcset=\"https:\/\/basilia-basel.ch\/wp-content\/uploads\/2015\/05\/Brueckenwaechter-258x300.jpg 258w, https:\/\/basilia-basel.ch\/wp-content\/uploads\/2015\/05\/Brueckenwaechter-880x1024.jpg 880w, https:\/\/basilia-basel.ch\/wp-content\/uploads\/2015\/05\/Brueckenwaechter-830x966.jpg 830w, https:\/\/basilia-basel.ch\/wp-content\/uploads\/2015\/05\/Brueckenwaechter-550x640.jpg 550w, https:\/\/basilia-basel.ch\/wp-content\/uploads\/2015\/05\/Brueckenwaechter-230x268.jpg 230w, https:\/\/basilia-basel.ch\/wp-content\/uploads\/2015\/05\/Brueckenwaechter.jpg 1768w\" sizes=\"auto, (max-width: 258px) 100vw, 258px\" \/><\/a><\/p>\n<h6>Br\u00fcckenw\u00e4chter, jetzt beim Parkplatz der &#8218;langen Erlen&#8216;<\/h6>\n ","protected":false},"excerpt":{"rendered":"<p>Die Geschichte handelt von einer Basiliskin, die in der heutigen Zeit in Basel auftaucht. Ratten und M\u00e4use finden unter dem Gerberbrunnen ein [&hellip;]<\/p>\n","protected":false},"author":1,"featured_media":0,"parent":0,"menu_order":0,"comment_status":"open","ping_status":"open","template":"","meta":{"footnotes":""},"class_list":["post-58","page","type-page","status-publish","hentry"],"_links":{"self":[{"href":"https:\/\/basilia-basel.ch\/index.php?rest_route=\/wp\/v2\/pages\/58","targetHints":{"allow":["GET"]}}],"collection":[{"href":"https:\/\/basilia-basel.ch\/index.php?rest_route=\/wp\/v2\/pages"}],"about":[{"href":"https:\/\/basilia-basel.ch\/index.php?rest_route=\/wp\/v2\/types\/page"}],"author":[{"embeddable":true,"href":"https:\/\/basilia-basel.ch\/index.php?rest_route=\/wp\/v2\/users\/1"}],"replies":[{"embeddable":true,"href":"https:\/\/basilia-basel.ch\/index.php?rest_route=%2Fwp%2Fv2%2Fcomments&post=58"}],"version-history":[{"count":25,"href":"https:\/\/basilia-basel.ch\/index.php?rest_route=\/wp\/v2\/pages\/58\/revisions"}],"predecessor-version":[{"id":1536,"href":"https:\/\/basilia-basel.ch\/index.php?rest_route=\/wp\/v2\/pages\/58\/revisions\/1536"}],"wp:attachment":[{"href":"https:\/\/basilia-basel.ch\/index.php?rest_route=%2Fwp%2Fv2%2Fmedia&parent=58"}],"curies":[{"name":"wp","href":"https:\/\/api.w.org\/{rel}","templated":true}]}}